[INFO] fetching crate dining_philosophers 0.11.2...
[INFO] checking dining_philosophers-0.11.2 against master#cfbc6d4cf1acbac5c025acf8ed68929caa551df3 for pr-75494-beta
[INFO] extracting crate dining_philosophers 0.11.2 into /workspace/builds/worker-8/source
[INFO] validating manifest of crates.io crate dining_philosophers 0.11.2 on toolchain cfbc6d4cf1acbac5c025acf8ed68929caa551df3
[INFO] running `Command { std: "/workspace/cargo-home/bin/cargo" "+cfbc6d4cf1acbac5c025acf8ed68929caa551df3" "read-manifest" "--manifest-path" "Cargo.toml", kill_on_drop: false }`
[INFO] started tweaking crates.io crate dining_philosophers 0.11.2
[INFO] finished tweaking crates.io crate dining_philosophers 0.11.2
[INFO] tweaked toml for crates.io crate dining_philosophers 0.11.2 written to /workspace/builds/worker-8/source/Cargo.toml
[INFO] running `Command { std: "/workspace/cargo-home/bin/cargo" "+cfbc6d4cf1acbac5c025acf8ed68929caa551df3" "generate-lockfile" "--manifest-path" "Cargo.toml" "-Zno-index-update", kill_on_drop: false }`
[INFO] [stderr]     Blocking waiting for file lock on package cache
[INFO] running `Command { std: "/workspace/cargo-home/bin/cargo" "+cfbc6d4cf1acbac5c025acf8ed68929caa551df3" "fetch" "--locked" "--manifest-path" "Cargo.toml", kill_on_drop: false }`
[INFO] running `Command { std: "docker" "create" "-v" "/var/lib/crater-agent-workspace/builds/worker-8/target:/opt/rustwide/target:rw,Z" "-v" "/var/lib/crater-agent-workspace/builds/worker-8/source:/opt/rustwide/workdir:ro,Z" "-v" "/var/lib/crater-agent-workspace/cargo-home:/opt/rustwide/cargo-home:ro,Z" "-v" "/var/lib/crater-agent-workspace/rustup-home:/opt/rustwide/rustup-home:ro,Z" "-e" "SOURCE_DIR=/opt/rustwide/workdir" "-e" "CARGO_TARGET_DIR=/opt/rustwide/target" "-e" "CARGO_HOME=/opt/rustwide/cargo-home" "-e" "RUSTUP_HOME=/opt/rustwide/rustup-home" "-w" "/opt/rustwide/workdir" "-m" "1610612736" "--user" "0:0" "--network" "none" "rustops/crates-build-env@sha256:a636fd89d022f18117e1dc8fb37a0a009933cdbbe082814857f0e2024962d47c" "/opt/rustwide/cargo-home/bin/cargo" "+cfbc6d4cf1acbac5c025acf8ed68929caa551df3" "metadata" "--no-deps" "--format-version=1", kill_on_drop: false }`
[INFO] [stdout] 8c1a7fbbdd70481ae9a681f042c1a778d697d015a9f0c29c8ebe735e84f354b9
[INFO] [stderr] WARNING: Your kernel does not support swap limit capabilities or the cgroup is not mounted. Memory limited without swap.
[INFO] running `Command { std: "docker" "start" "-a" "8c1a7fbbdd70481ae9a681f042c1a778d697d015a9f0c29c8ebe735e84f354b9", kill_on_drop: false }`
[INFO] running `Command { std: "docker" "inspect" "8c1a7fbbdd70481ae9a681f042c1a778d697d015a9f0c29c8ebe735e84f354b9", kill_on_drop: false }`
[INFO] running `Command { std: "docker" "rm" "-f" "8c1a7fbbdd70481ae9a681f042c1a778d697d015a9f0c29c8ebe735e84f354b9", kill_on_drop: false }`
[INFO] [stdout] 8c1a7fbbdd70481ae9a681f042c1a778d697d015a9f0c29c8ebe735e84f354b9
[INFO] running `Command { std: "docker" "create" "-v" "/var/lib/crater-agent-workspace/builds/worker-8/target:/opt/rustwide/target:rw,Z" "-v" "/var/lib/crater-agent-workspace/builds/worker-8/source:/opt/rustwide/workdir:ro,Z" "-v" "/var/lib/crater-agent-workspace/cargo-home:/opt/rustwide/cargo-home:ro,Z" "-v" "/var/lib/crater-agent-workspace/rustup-home:/opt/rustwide/rustup-home:ro,Z" "-e" "SOURCE_DIR=/opt/rustwide/workdir" "-e" "CARGO_TARGET_DIR=/opt/rustwide/target" "-e" "CARGO_INCREMENTAL=0" "-e" "RUST_BACKTRACE=full" "-e" "RUSTFLAGS=--cap-lints=forbid" "-e" "CARGO_HOME=/opt/rustwide/cargo-home" "-e" "RUSTUP_HOME=/opt/rustwide/rustup-home" "-w" "/opt/rustwide/workdir" "-m" "1610612736" "--user" "0:0" "--network" "none" "rustops/crates-build-env@sha256:a636fd89d022f18117e1dc8fb37a0a009933cdbbe082814857f0e2024962d47c" "/opt/rustwide/cargo-home/bin/cargo" "+cfbc6d4cf1acbac5c025acf8ed68929caa551df3" "check" "--frozen" "--all" "--all-targets" "--message-format=json", kill_on_drop: false }`
[INFO] [stdout] f2b8b7f8010b932c8aad4a8be0c480735440fd52b516984a31c2aa06c4856218
[INFO] [stderr] WARNING: Your kernel does not support swap limit capabilities or the cgroup is not mounted. Memory limited without swap.
[INFO] running `Command { std: "docker" "start" "-a" "f2b8b7f8010b932c8aad4a8be0c480735440fd52b516984a31c2aa06c4856218", kill_on_drop: false }`
[INFO] [stderr]     Checking dining_philosophers v0.11.2 (/opt/rustwide/workdir)
[INFO] [stdout] error[E0433]: failed to resolve: could not find `old_io` in `std`
[INFO] [stdout]  --> src/main.rs:5:10
[INFO] [stdout]   |
[INFO] [stdout] 5 | use std::old_io::timer::sleep;
[INFO] [stdout]   |          ^^^^^^ could not find `old_io` in `std`
[INFO] [stdout] 
[INFO] [stdout] 
[INFO] [stdout] error[E0433]: failed to resolve: could not find `old_io` in `std`
[INFO] [stdout]  --> src/main.rs:5:10
[INFO] [stdout]   |
[INFO] [stdout] 5 | use std::old_io::timer::sleep;
[INFO] [stdout]   |          ^^^^^^ could not find `old_io` in `std`
[INFO] [stdout] 
[INFO] [stdout] 
[INFO] [stdout] error[E0425]: cannot find function `range` in this scope
[INFO] [stdout]   --> src/main.rs:57:18
[INFO] [stdout]    |
[INFO] [stdout] 57 |         for _ in range(1, 3) {
[INFO] [stdout]    |                  ^^^^^ not found in this scope
[INFO] [stdout] 
[INFO] [stdout] 
[INFO] [stdout] error[E0425]: cannot find function `sleep` in this scope
[INFO] [stdout]   --> src/main.rs:59:13
[INFO] [stdout]    |
[INFO] [stdout] 59 |             sleep(Duration::microseconds(10));
[INFO] [stdout]    |             ^^^^^ not found in this scope
[INFO] [stdout]    |
[INFO] [stdout] help: consider importing this function
[INFO] [stdout]    |
[INFO] [stdout] 5  | use thread::sleep;
[INFO] [stdout]    |
[INFO] [stdout] 
[INFO] [stdout] 
[INFO] [stdout] error[E0425]: cannot find function `sleep` in this scope
[INFO] [stdout]   --> src/main.rs:66:13
[INFO] [stdout]    |
[INFO] [stdout] 66 |             sleep(Duration::microseconds(10));
[INFO] [stdout]    |             ^^^^^ not found in this scope
[INFO] [stdout]    |
[INFO] [stdout] help: consider importing this function
[INFO] [stdout]    |
[INFO] [stdout] 5  | use thread::sleep;
[INFO] [stdout]    |
[INFO] [stdout] 
[INFO] [stdout] 
[INFO] [stdout] error[E0554]: `#![feature]` may not be used on the beta release channel
[INFO] [stdout]  --> src/main.rs:1:1
[INFO] [stdout]   |
[INFO] [stdout] 1 | #![feature(std_misc)]
[INFO] [stdout]   | ^^^^^^^^^^^^^^^^^^^^^
[INFO] [stdout] 
[INFO] [stdout] 
[INFO] [stdout] error[E0554]: `#![feature]` may not be used on the beta release channel
[INFO] [stdout]  --> src/main.rs:2:1
[INFO] [stdout]   |
[INFO] [stdout] 2 | #![feature(core)]
[INFO] [stdout]   | ^^^^^^^^^^^^^^^^^
[INFO] [stdout] 
[INFO] [stdout] 
[INFO] [stdout] error[E0554]: `#![feature]` may not be used on the beta release channel
[INFO] [stdout]  --> src/main.rs:3:1
[INFO] [stdout]   |
[INFO] [stdout] 3 | #![feature(old_io)]
[INFO] [stdout]   | ^^^^^^^^^^^^^^^^^^^
[INFO] [stdout] 
[INFO] [stdout] 
[INFO] [stdout] error[E0425]: cannot find function `range` in this scope
[INFO] [stdout]   --> src/main.rs:57:18
[INFO] [stdout]    |
[INFO] [stdout] 57 |         for _ in range(1, 3) {
[INFO] [stdout]    |                  ^^^^^ not found in this scope
[INFO] [stdout] 
[INFO] [stdout] 
[INFO] [stdout] error[E0425]: cannot find function `sleep` in this scope
[INFO] [stdout]   --> src/main.rs:59:13
[INFO] [stdout]    |
[INFO] [stdout] 59 |             sleep(Duration::microseconds(10));
[INFO] [stdout]    |             ^^^^^ not found in this scope
[INFO] [stdout]    |
[INFO] [stdout] help: consider importing this function
[INFO] [stdout]    |
[INFO] [stdout] 5  | use thread::sleep;
[INFO] [stdout]    |
[INFO] [stdout] 
[INFO] [stdout] 
[INFO] [stdout] error[E0425]: cannot find function `sleep` in this scope
[INFO] [stdout]   --> src/main.rs:66:13
[INFO] [stdout]    |
[INFO] [stdout] 66 |             sleep(Duration::microseconds(10));
[INFO] [stdout]    |             ^^^^^ not found in this scope
[INFO] [stdout]    |
[INFO] [stdout] help: consider importing this function
[INFO] [stdout]    |
[INFO] [stdout] 5  | use thread::sleep;
[INFO] [stdout]    |
[INFO] [stdout] 
[INFO] [stdout] 
[INFO] [stdout] error[E0554]: `#![feature]` may not be used on the beta release channel
[INFO] [stdout]  --> src/main.rs:1:1
[INFO] [stdout]   |
[INFO] [stdout] 1 | #![feature(std_misc)]
[INFO] [stdout]   | ^^^^^^^^^^^^^^^^^^^^^
[INFO] [stdout] 
[INFO] [stdout] 
[INFO] [stdout] error[E0554]: `#![feature]` may not be used on the beta release channel
[INFO] [stdout]  --> src/main.rs:2:1
[INFO] [stdout]   |
[INFO] [stdout] 2 | #![feature(core)]
[INFO] [stdout]   | ^^^^^^^^^^^^^^^^^
[INFO] [stdout] 
[INFO] [stdout] 
[INFO] [stdout] error[E0554]: `#![feature]` may not be used on the beta release channel
[INFO] [stdout]  --> src/main.rs:3:1
[INFO] [stdout]   |
[INFO] [stdout] 3 | #![feature(old_io)]
[INFO] [stdout]   | ^^^^^^^^^^^^^^^^^^^
[INFO] [stdout] 
[INFO] [stdout] 
[INFO] [stdout] error[E0599]: no function or associated item named `microseconds` found for struct `std::time::Duration` in the current scope
[INFO] [stdout]   --> src/main.rs:59:29
[INFO] [stdout]    |
[INFO] [stdout] 59 |             sleep(Duration::microseconds(10));
[INFO] [stdout]    |                             ^^^^^^^^^^^^ function or associated item not found in `std::time::Duration`
[INFO] [stdout] 
[INFO] [stdout] 
[INFO] [stdout] error[E0599]: no function or associated item named `microseconds` found for struct `std::time::Duration` in the current scope
[INFO] [stdout]   --> src/main.rs:66:29
[INFO] [stdout]    |
[INFO] [stdout] 66 |             sleep(Duration::microseconds(10));
[INFO] [stdout]    |                             ^^^^^^^^^^^^ function or associated item not found in `std::time::Duration`
[INFO] [stdout] 
[INFO] [stdout] 
[INFO] [stdout] error[E0599]: no function or associated item named `microseconds` found for struct `std::time::Duration` in the current scope
[INFO] [stdout]   --> src/main.rs:59:29
[INFO] [stdout]    |
[INFO] [stdout] 59 |             sleep(Duration::microseconds(10));
[INFO] [stdout]    |                             ^^^^^^^^^^^^ function or associated item not found in `std::time::Duration`
[INFO] [stdout] 
[INFO] [stdout] 
[INFO] [stdout] error[E0599]: no function or associated item named `microseconds` found for struct `std::time::Duration` in the current scope
[INFO] [stdout]   --> src/main.rs:66:29
[INFO] [stdout]    |
[INFO] [stdout] 66 |             sleep(Duration::microseconds(10));
[INFO] [stdout]    |                             ^^^^^^^^^^^^ function or associated item not found in `std::time::Duration`
[INFO] [stdout] 
[INFO] [stdout] 
[INFO] [stdout] error: aborting due to 9 previous errors
[INFO] [stdout] 
[INFO] [stdout] 
[INFO] [stdout] Some errors have detailed explanations: E0425, E0433, E0554, E0599.
[INFO] [stdout] 
[INFO] [stdout] For more information about an error, try `rustc --explain E0425`.
[INFO] [stdout] 
[INFO] [stderr] error: could not compile `dining_philosophers`.
[INFO] [stdout] error: aborting due to 9 previous errors
[INFO] [stdout] 
[INFO] [stdout] 
[INFO] [stderr] 
[INFO] [stdout] Some errors have detailed explanations: E0425, E0433, E0554, E0599.
[INFO] [stdout] 
[INFO] [stderr] To learn more, run the command again with --verbose.
[INFO] [stdout] For more information about an error, try `rustc --explain E0425`.
[INFO] [stdout] 
[INFO] [stderr] warning: build failed, waiting for other jobs to finish...
[INFO] [stderr] error: build failed
[INFO] running `Command { std: "docker" "inspect" "f2b8b7f8010b932c8aad4a8be0c480735440fd52b516984a31c2aa06c4856218", kill_on_drop: false }`
[INFO] running `Command { std: "docker" "rm" "-f" "f2b8b7f8010b932c8aad4a8be0c480735440fd52b516984a31c2aa06c4856218", kill_on_drop: false }`
[INFO] [stdout] f2b8b7f8010b932c8aad4a8be0c480735440fd52b516984a31c2aa06c4856218
